 9*d. Suppose 8*t - t - d = 0. List the prime factors of t.
277
Suppose -261*r + 9180 = -259*r. What are the prime factors of r?
2, 3, 5, 17
Suppose -36*u = -34*u + 32. Let d = u + 114. List the prime factors of d.
2, 7
Suppose 7*j + 1101 = 16088. List the prime factors of j.
2141
Let x = 424 + -424. Suppose 8*f + 2006 - 7926 = x. What are the prime factors of f?
2, 5, 37
Let u(i) = 66*i**2 + 5*i + 58. Let j be u(-6). Let l = j + -1533. List the prime factors of l.
13, 67
Let f(l) = 3*l + 34. Let y be f(-10). Suppose 2*w - 3*z - 253 = 0, -10 + y = 2*z. List the prime factors of w.
2, 61
Let h = 64 + -44. Let o(k) = 27*k**2 - h*k**2 + 52*k**2 + 17*k**2. List the prime factors of o(-1).
2, 19
Suppose -5*v - 2*y - 13673 = -65931, v = 8*y + 10460. List the prime factors of v.
2, 3, 13, 67
Let p(y) = 3*y**2 - 86*y - 27. Let j be p(29). List the prime factors of (-2870)/105*(-9)/j.
3, 41
Let a(s) = s**3 + 7*s**2 - 3*s + 48. Let t be a(-8). Let l(j) = -2*j**2 + 27*j - 11. List the prime factors of l(t).
7, 11
Let z(g) = 24 - 2*g + 0*g - g. Let f = -10190 - -10195. List the prime factors of z(f).
3
Let w be ((-1032)/18)/((-6)/6885). Suppose w = 12*y + 39*y. List the prime factors of y.
2, 3, 5, 43
Let d(r) = 25*r**3 - 2*r**2 + 54*r - 153. List the prime factors of d(12).
3, 7, 13, 53
Suppose -3*j = 4*t + 18928 - 65206, -5*t - 2*j = -57858. List the prime factors of t.
2, 3, 643
Suppose -2*v = 3*x - 141156, 4*x + 352862 = 5*v + 8*x. What are the prime factors of v?
2, 3, 19, 619
Suppose -g + 12 = -2*h - 6*g, 5*h - g - 24 = 0. Suppose 0 = 5*c + h*u - 3544 + 204, -4*c + 4*u + 2708 = 0. What are the prime factors of c?
2, 3, 7
Suppose 133524 = 35*s - 681415 + 909. List the prime factors of s.
2, 29, 401
Let s = -45998 + 79222. List the prime factors of s.
2, 4153
Let c be 3 - (-2)/(-4)*26. Let r = c + -20. List the prime factors of 196/(-1)*5/(r/3).
2, 7
Let k(d) = d**3 - 4*d**2 - 9*d + 20. Suppose -z + 11 = -2*o - 4, -4*z + 24 = 4*o. Let q be k(z). List the prime factors of q/6 + 4/6.
2, 29
List the prime factors of (-1 + (44424 - 1))*((-19 - -39) + -19).
2, 7, 19, 167
Suppose 2*j + 2*h = 42284, 0*j + 2*j = 3*h + 42299. List the prime factors of j.
5, 4229
Suppose p + 23 = s, -5*s - 5*p = -9*s + 95. Suppose y + 18525 = s*y. What are the prime factors of y?
3, 5, 13
Suppose 1931498 = 168*m - 3758856 - 196534. List the prime factors of m.
67, 523
Suppose -27*m - 9*m + 123410 = -112138. What are the prime factors of m?
3, 727
Suppose 352095 + 699671 = 134*z. List the prime factors of z.
47, 167
Suppose 5*z + b = 2, -3*b + 8 = -4*z + b. Suppose -18*j + 19*j - 320 = z. Suppose -15*k + j = -10*k. What are the prime factors of k?
2
Suppose 38622 + 157033 = 5*d + 5*v, -5*v - 39107 = -d. What are the prime factors of d?
11, 3557
Suppose 0 = 21*h - 19*h - 4*g - 1950, 2*g + 1942 = 2*h. What are the prime factors of h?
967
Let g(n) = -29*n**3 + 34*n**2 - 85*n + 10. List the prime factors of g(-9).
2, 5, 2467
Let y = -28536 - -33752. List the prime factors of y.
2, 163
Let w(h) = 2*h**2 + 1. Let x(q) = -2*q**2 + 8*q + 10. Let z(v) = 3*w(v) + x(v). What are the prime factors of z(-5)?
73
Let g = 2200 - 1103. List the prime factors of g.
1097
Let y(l) = -91*l + 101. Suppose -59*s = -54*s + 50. List the prime factors of y(s).
3, 337
Let x be 2 - 1 - (448 + 6). Let g = -311 - x. Suppose 0 = h - g + 25. What are the prime factors of h?
3, 13
Let d be 2/((-18)/(-1191))*3. Suppose 2*c - 849 = -d. List the prime factors of c.
2, 113
Suppose v + v = 0, -2*v = -5*m - 5. Let s(z) be the second derivative of -47*z**3/3 - 4*z**2 + 5930*z. List the prime factors of s(m).
2, 43
Let o = -1418 - -5401. List the prime factors of o.
7, 569
Let j be ((-840)/(-7) - -6) + 0. Suppose 399 + j = 7*b. What are the prime factors of b?
3, 5
Let z = -3060 + 6495. List the prime factors of z.
3, 5, 229
Suppose 18*a = 17*a + 4. Suppose -2*o = a*c - 1058, 4*o - 3183 = -2*c - 1049. List the prime factors of o.
5, 107
Let n(r) be the third derivative of -5*r**4/12 - 15*r**3/2 + 6*r**2. Let f = -28 + 5. List the prime factors of n(f).
5, 37
Let l be (-33)/2*16 + 6. List the prime factors of (0 - l)*(-6)/(-9).
2, 43
Let x = 30437 + 53307. What are the prime factors of x?
2, 2617
Suppose 0 = 8*k - 3*k - 200. Let y = 856 - 840. Suppose -z - y = -k. What are the prime factors of z?
2, 3
Suppose 306519 - 62304 = 32*q + 35*q. What are the prime factors of q?
3, 5
Suppose 0 = -21*g + 14*g + 7. List the prime factors of 129/(-1*g/(-5)).
3, 5, 43
Let x be (1 - (-3 + 28/8))*6. Suppose 0 = x*t + t - 8. What are the prime factors of t?
2
Let o = 59310 - 9673. Suppose -43*n + 24108 = -o. What are the prime factors of n?
5, 7
Suppose 2*q - 5*r = 1749, -q + 6*q - 4364 = 4*r. Let h be 11/(10 - 65)*-3803 - 3/5. Suppose -17*k + h = -q. List the prime factors of k.
2, 3
Let y = -9889 + 45557. List the prime factors of y.
2, 37, 241
Let v(l) = 19*l**2 - 9*l + 25. Let k be v(-14). Suppose -3*r = 2*q - 2330, k = 2*r + 3*r + 5*q. Suppose -10*b = 2*b - r. What are the prime factors of b?
5, 13
Let b be 16/3 + 12/(-36). Suppose 7 = b*v - 23. Suppose -7*y = -v*y - 75. What are the prime factors of y?
3, 5
Suppose 0 = -305*t + 317*t - 546420. What are the prime factors of t?
5, 7, 1301
Suppose -21 = 23*d - 67. Suppose -4*r - 5*s = -7*s - 852, d*r - 432 = 4*s. What are the prime factors of r?
2, 53
Let w(c) = c - 1. Let z be w(8). Suppose z*s = 807 + 124. Suppose -7*m + 3*m + 169 = 3*n, -n = 3*m - s. List the prime factors of m.
2, 23
Suppose 34*k - 17*k = 3162. Let r = -170 + k. List the prime factors of r.
2
Suppose -291756 = -54*t + 894467 - 237875. What are the prime factors of t?
2, 3, 2927
Let m(j) = 12*j**2 - 5*j + 16. Let k be m(3). Let o = k + -467. Let h = o - -583. List the prime factors of h.
3, 5
Let v(n) = n**3 - 3*n**2 - 4*n + 3. Suppose 4 = -75*d + 77*d. Let f be v(d). What are the prime factors of f/3 + -2*(-44 - -1)?
83
Let a(r) = -21*r + 154. Let c be a(16). Let u = 607 + c. What are the prime factors of u?
5, 17
Suppose 9*u - 5*u = 4*x + 32, -2*u - 3*x - 4 = 0. Suppose 0 = -b + 1, 3*t - 1395 = 2*t + u*b. List the prime factors of t.
1399
Let z(w) = -w - 10. Let y be z(0). Let i be (y + 6)*(-297)/(-12). Let d = i + 121. List the prime factors of d.
2, 11
Suppose -2*p + 40 = 10. Suppose 3 = -3*v + p. Suppose -5*c + 3*r + 153 = -130, 16 = v*r. List the prime factors of c.
59
Let j = 231 - 215. Suppose 427 - 2555 = -j*a. List the prime factors of a.
7, 19
Suppose -18*i + 2 = 20. What are the prime factors of (6141/115)/(12/10 + i)?
3, 89
Suppose -24*u + 18*u - 62952 = -10*u. List the prime factors of u.
2, 3, 43, 61
Let y(q) = -35743 + 35720 + 111*q + 56*q. What are the prime factors of y(4)?
3, 5, 43
Suppose 41*c - 37*c = 3*t + 102492, 0 = 2*c + t - 51236. List the prime factors of c.
2, 3, 5, 7, 61
Let y(s) = 64*s + 36. Suppose 24 = 2*a + 2*a. What are the prime factors of y(a)?
2, 3, 5, 7
Suppose 5 + 1 = -3*b. List the prime factors of b*(6 + 126/(-12)).
3
Suppose 32*b - 305 + 81 = 0. Suppose 4*h - 4*w = 240, 4*w - 13 - b = 0. What are the prime factors of h?
5, 13
Suppose 0 = 4*v - 7*v + 57. Suppose -2*y - 33 = v. List the prime factors of 27 - y - (1 + 0).
2, 13
Let c = 20394 + -13519. What are the prime factors of c?
5, 11
Suppose 7*y + i - 58394 = 0, 18*y - 21*y - 2*i + 25015 = 0. What are the prime factors of y?
3, 103
Let a(j) = 1006*j**2 + 7*j - 48. What are the prime factors of a(3)?
3, 17, 59
Suppose j = -3*v + 4*v - 4, -5*v + 3*j = -12. Suppose 13*c - 1450 = 8*c - 3*u, v = -5*c + 2*u + 1450. What are the prime factors of c?
2, 5, 29
Suppose -u - 89943 = -4*z, -6554 + 96482 = 4*z - 4*u. What are the prime factors of z?
113, 199
Let m = 437 - 727. What are the prime factors of (m + -1)*((-40)/24)/5?
97
Let q(w) = 85*w**2 + 5*w + 21. What are the prime factors of q(8)?
5501
Let u = -5320 + 7116. What are the prime factors of u?
2, 449
Suppose 4*b - n + 677 = 0, 142 = -b - n - 26. Let m = 56 - b. List the prime factors of m.
3, 5
Let u(i) = -11*i**3 - 4*i**2 + 21. Let x be u(-4). Suppose -2*c - 3*d = -7*c + 806, -4*c + x = 3*d. List the prime factors of c.
163
Suppose 35 = -2*q - 5*t, 3*t = 5*q - t + 38. List the prime factors of 0*5/q + -3 + 307.
2, 19
Let r(u) = u**2 - 4*u + 5. Let b be r(6). Supp